1?
-1111222000
In base 11, what is -26 - 186a09?
-186a34
In base 8, what is 24030 - -15024?
41054
In base 5, what is -43 - 13232303?
-13232401
In base 3, what is 2121 + 200000101222110?
200000102002001
In base 3, what is 1 - -11121010111210?
11121010111211
In base 12, what is 30 + -542005?
-541b95
In base 8, what is -3320272 - -2336?
-3315734
In base 16, what is 9bf5f + 25?
9bf84
In base 8, what is -3630664464 + 3?
-3630664461
In base 9, what is -18000 - -1104?
-16785
In base 8, what is -105 - 42041326?
-42041433
In base 2, what is -11 + -111000111000010000010?
-111000111000010000101
In base 2, what is 100111101100001011011 + -110?
100111101100001010101
In base 5, what is 303310 + 23414?
332224
In base 3, what is 1121110 - 211110202212?
-211102011102
In base 15, what is 116 - 8118?
-8002
In base 13, what is -4 - 2c9c26?
-2c9c2a
In base 8, what is -2515312 + -6?
-2515320
In base 7, what is 5410 - -114331?
123041
In base 16, what is -fcf + -26d?
-123c
In base 14, what is 7c + -56276?
-561d8
In base 14, what is -34 + 361373?
36133d
In base 2, what is 100 - -10000010101100110000101101?
10000010101100110000110001
In base 14, what is 2360 - 2030?
330
In base 11, what is 1346519 + -a1?
1346428
In base 4, what is 20 - -21000130202?
21000130222
In base 16, what is -27397a - -e?
-27396c
In base 14, what is -1c - abc3c?
-abc5a
In base 5, what is 22230344324 + -4?
22230344320
In base 12, what is 3 + 9061630?
9061633
In base 5, what is 312122023 - 41?
312121432
In base 12, what is -377083a + 6?
-3770834
In base 9, what is -26274 + 5?
-26268
In base 7, what is 16515 - 351023?
-331205
In base 13, what is -1c - -11a90c5?
11a90a6
In base 10, what is 118669181 + -3?
118669178
In base 7, what is 3 - -13314054?
13314060
In base 12, what is -1041b - -1303?
-b118
In base 8, what is 1756 + -637653?
-635675
In base 12, what is 11 + 10b810?
10b821
In base 9, what is 50 - 111571?
-111521
In base 3, what is 100021000201010110 + 11?
100021000201010121
In base 6, what is -14455 - 31504?
-50403
In base 7, what is 226440053 + 4?
226440060
In base 7, what is 4 - -101132153?
101132160
In base 14, what is c6 - -62dd?
63c5
In base 11, what is 3538520 - -31?
3538551
In base 7, what is 11 - 44343313?
-44343302
In base 5, what is -10 + -110111104304?
-110111104314
In base 16, what is a5c71e4 - 3?
a5c71e1
In base 9, what is 251737 - -60?
251807
In base 5, what is 1320010 + -22444?
1242011
In base 10, what is -737 - 35?
-772
In base 5, what is -24421 + 242042?
212121
In base 13, what is 43666 + -53b?
43128
In base 5, what is 1 + 2434032213?
2434032214
In base 5, what is 23 - 22343222141?
-22343222113
In base 12, what is -397 - -1389?
bb2
In base 10, what is 1720606 + 11?
1720617
In base 12, what is 2 + 376649?
37664b
In base 11, what is 40 - 4577548?
-4577508
In base 16, what is a29 + -4034?
-360b
In base 11, what is -786a1 - 10?
-78701
In base 6, what is -530225514 + 4?
-530225510
In base 5, what is -14 + 14234413023?
14234413004
In base 4, what is 121121311 - 1203?
121120102
In base 9, what is 4 + -33537317?
-33537313
In base 10, what is -3964439 + 84?
-3964355
In base 10, what is -141408 - 2441?
-143849
In base 5, what is 3 + -12010204?
-12010201
In base 14, what is 93b + -282?
699
In base 2, what is 11111100110 + -1110011001100011?
-1101111001111101
In base 6, what is 32514504 + 31?
32514535
In base 6, what is -113510 + -3522?
-121432
In base 8, what is -114 - -5143153?
5143037
In base 6, what is 13321 - -53500?
111221
In base 7, what is 0 + -105541114?
-105541114
In base 11, what is -a013a2 + 24?
-a01379
In base 3, what is -222 + 2221211102101?
2221211101102
In base 16, what is -30 - 10ff?
-112f
In base 8, what is -3 - 514317343?
-514317346
In base 11, what is 2a058291 - -3?
2a058294
In base 6, what is -21440134 + 4?
-21440130
In base 16, what is -2 - 8a9ba9?
-8a9bab
In base 10, what is 217824558 - 3?
217824555
In base 4, what is 23123 - 10220300?
-10131111
In base 4, what is 313320013003 + -122?
313320012221
In base 2, what is 11111111011001111000101001 - 0?
11111111011001111000101001
In base 15, what is 8eb - -6b?
967
In base 10, what is -1587 - -1249?
-338
In base 6, what is -34224544 - -3?
-34224541
In base 16, what is 2eb0 + -40e7?
-1237
In base 8, what is -2323 - -244314?
241771
In base 10, what is -2 + 21132125?
21132123
In base 16, what is 952 - 45df?
-3c8d
In base 14, what is 40 + 2b1a?
2b5a
In base 14, what is 2 + -224a55?
-224a53
In base 14, what is 1a87 + -dc12?
-c169
In base 15, what is 218b7bde + 5?
218b7be4
In base 14, what is -2c393 - -119?
-2c278
In base 15, what is 5 + 390e9b?
390ea1
In base 13, what is -2 + -11163804?
-11163806
In base 15, what is 4 + -4b8ee1?
-4b8edc
In base 12, what is 3092165 + -12?
3092153
In base 3, what is -1 - 20001022021110201?
-20001022021110202
In base 7, what is -13334360216 + 2?
-13334360214
In base 3, what is -21011220202121 - -2202?
-21011220122212
In base 10, what is 2 + 1405343?
1405345
In base 6, what is 203014310 + 41?
203014351
In base 7, what is 124534001 - -12?
124534013
In base 5, what is -1330142110 + -10?
-1330142120
In base 3, what is -1000000022 - -112122012?
-110101010
In base 3, what is -22121200012001 + -20?
-22121200012021
In base 3, what is -1212 - -102220010102?
102220001120
In base 16, what is 3f + 2f476?
2f4b5
In base 2, what is 1001010111 + -1100001111001110?
-1100000101110111
In base 16, what is -a09 - 6a21?
-742a
In base 4, what is -3 - -300021003210?
300021003201
In base 11, what is -230 - -61500?
61280
In base 8, what is 10504652 - -7?
10504661
In base 5, what is -203411202220 - 2?
-203411202222
In base 8, what is -2371307 + 3?
-2371304
In base 4, what is -121 - -33022200?
33022013
In base 10, what is 1863 + -68451?
-66588
In base 14, what is 6ac3978 - -2?
6ac397a
In base 7, what is 16525114 - 11?
16525103
In base 13, what is 4 + 2678913?
2678917
In base 6, what is 3 - 50524244?
-50524241
In base 13, what is -6 - 5b64c?
-5b655
In base 8, what is 4 - -6223243?
6223247
In base 6, what is -22345155 - 30?
-22345225
In base 9, what is 46420462 + 0?
46420462
In base 6, what is 24333451 - -2?
24333453
In base 15, what is 13ad8 + -11c?
139bb
In base 3, what is -2111221 - -1100002222?
1020121001
In base 4, what is 11002 + 333201202?
333212210
In base 14, what is 7a6 + 161d?
1dc5
In base 11, what is 18 + 645a80?
645a98
In base 6, what is 10151045 - -551?
10152040
In base 15, what is -3 + 1b072b?
1b0728
In base 2, what is -1100110010 - 11001001110?
-100110000000
In base 8, what is 2341450 + 3?
2341453
In base 15, what is 1b161 + -49?
1b117
In base 5, what is -1 + -110114142104?
-110114142110
In base 14, what is 16aa5 + -ab?
169d8
In base 14, what is -2 + -567001?
-567003
In base 5, what is -214343024 - -4203?
-214333321
In base 13, what is -1 + -1a69c744?
-1a69c745
In base 14, what is -42c10c - -8?
-42c104
In base 11, what is -41a4 - -6973?
277a
In base 13, what is -8b7 - 1c736?
-20320
In base 8, what is -336252656 + 10?
-336252646
In base 4, what is -13 - -301222013112?
301222013033
In base 4, what is 320 - 1122330233?
-1122323313
In base 12, what is -130 + 3b8457?
3b8327
In base 12, what is 1303 - -481a?
5b21
In base 13, what is -3b4ab28 - 1?
-3b4ab29
In base 5, what is -1011 + 14003311?
14002300
In base 5, what is 13034 - 133440401?
-133422312
In base 15, what is 1497e7 - 1?
1497e6
In base 12, what is 2130 + -57292?
-55162
In base 7, what is 24 + 31014365?
31014422
In base 12, what is 5 - 22753025?
-22753020
In base 7, what is 213 - 114632?
-114416
In base 12, what is -b + 15b4b64?
15b4b55
In base 5, what is -410204434 + 444?
-410203440
In base 8, what is 6233 + -1444?
4567
In base 9, what is 153 - 428287?
-428134
In base 14, what is 203801 + 10?
203811
In base 13, what is 35ac6c + -7?
35ac65
In base 10, what is 5 + -48331190?
-48331185
In base 5, what is -13240002 + 1103?
-13233344
In base 4, what is 11 + 1023002221223?
1023002221300
In base 14, what is d - -1cd4b?
1cd5a
In base 4, what is 2123 + 11220021331?
11220030120
In base 14, what is 37cc07 + 5?
37cc0c
In base 8, what is 2 - -1026314002?
1026314004
In base 2, what is 10010100000011000111110100110 - -100?
10010100000011000111110101010
In base 11, what is -2629a481 - 2?
-2629a483
In base 14, what is -a1d1d + 1?
-a1d1c
In base 14, what is -9 + -bcdcd4?